{"id":88,"date":"2018-07-23T21:42:41","date_gmt":"2018-07-24T00:42:41","guid":{"rendered":"http:\/\/certificavix.com.br\/?page_id=88"},"modified":"2023-08-29T09:53:54","modified_gmt":"2023-08-29T12:53:54","slug":"testar-certificado","status":"publish","type":"page","link":"https:\/\/certificavix.com.br\/index.php\/testar-certificado\/","title":{"rendered":"Testar Certificado"},"content":{"rendered":"<p>Este servi\u00e7o permite que voc\u00ea teste o funcionamento do seu certificado digital. Para isso, \u00e9 preciso que seu certificado esteja corretamente instalado, assim como as cadeias de certifica\u00e7\u00e3o. Se for um certificado A3, \u00e9 preciso que o driver do dispostivo (Token ou Cart\u00e3o e leitora) tamb\u00e9m esteja instalado corretamente. Ao utilizar este servi\u00e7o, voc\u00ea concorda que tenhamos acesso a todos os dados p\u00fablicos presentes em seu certificado digital, e que esses dados n\u00e3o ser\u00e3o fornecidos a terceiros.<\/p>\n<p><a class=\"button\" href=\"https:\/\/cav.receita.fazenda.gov.br\/autenticacao\/Login\">TESTAR MEU CERTIFICADO<\/a><\/p>\n","protected":false},"excerpt":{"rendered":"<p>Este servi\u00e7o permite que voc\u00ea teste o funcionamento do seu certificado digital. Para isso, \u00e9 preciso que seu certificado esteja corretamente instalado, assim como as cadeias de certifica\u00e7\u00e3o. Se for um certificado A3, \u00e9 preciso que o driver do dispostivo (Token ou Cart\u00e3o e leitora) tamb\u00e9m esteja instalado corretamente. Ao utilizar este servi\u00e7o, voc\u00ea concorda <a href=\"https:\/\/certificavix.com.br\/index.php\/testar-certificado\/\" rel=\"nofollow\"><span class=\"sr-only\">Leia mais sobreTestar Certificado<\/span>[&hellip;]<\/a><\/p>\n","protected":false},"author":1,"featured_media":0,"parent":0,"menu_order":0,"comment_status":"closed","ping_status":"closed","template":"","meta":{"footnotes":""},"class_list":["post-88","page","type-page","status-publish","hentry"],"_links":{"self":[{"href":"https:\/\/certificavix.com.br\/index.php\/wp-json\/wp\/v2\/pages\/88","targetHints":{"allow":["GET"]}}],"collection":[{"href":"https:\/\/certificavix.com.br\/index.php\/wp-json\/wp\/v2\/pages"}],"about":[{"href":"https:\/\/certificavix.com.br\/index.php\/wp-json\/wp\/v2\/types\/page"}],"author":[{"embeddable":true,"href":"https:\/\/certificavix.com.br\/index.php\/wp-json\/wp\/v2\/users\/1"}],"replies":[{"embeddable":true,"href":"https:\/\/certificavix.com.br\/index.php\/wp-json\/wp\/v2\/comments?post=88"}],"version-history":[{"count":4,"href":"https:\/\/certificavix.com.br\/index.php\/wp-json\/wp\/v2\/pages\/88\/revisions"}],"predecessor-version":[{"id":906,"href":"https:\/\/certificavix.com.br\/index.php\/wp-json\/wp\/v2\/pages\/88\/revisions\/906"}],"wp:attachment":[{"href":"https:\/\/certificavix.com.br\/index.php\/wp-json\/wp\/v2\/media?parent=88"}],"curies":[{"name":"wp","href":"https:\/\/api.w.org\/{rel}","templated":true}]}}